{"id":25,"date":"2023-10-14T18:10:51","date_gmt":"2023-10-14T18:10:51","guid":{"rendered":"http:\/\/irgendwasmitfarben.de\/?page_id=25"},"modified":"2023-10-15T13:01:33","modified_gmt":"2023-10-15T13:01:33","slug":"corvid","status":"publish","type":"page","link":"https:\/\/irgendwasmitfarben.de\/?page_id=25","title":{"rendered":"Fotografie"},"content":{"rendered":"\n<h2 class=\"wp-block-heading\">Farbspiel und Fotokomposition<\/h2>\n\n\n\n<p>Ein Bilder sagt mehr als tausend Worte. Bilder leben von der Komposition und von den Farben. Diese k\u00f6nnen verschiedene Emotionen ausl\u00f6sen. Es gibt auch Bilder die einfach durch Ihre Komposition und Farbgebung z.B. beruhigend wirken k\u00f6nnen. <\/p>\n\n\n\n<figure class=\"wp-block-gallery has-nested-images columns-default is-cropped wp-block-gallery-1 is-layout-flex wp-block-gallery-is-layout-flex\">\n<figure class=\"wp-block-image size-large\"><img fetchpriority=\"high\" decoding=\"async\" width=\"768\" height=\"1024\" data-id=\"56\" src=\"https:\/\/irgendwasmitfarben.de\/wp-content\/uploads\/2023\/10\/IMG_0082-768x1024.jpg\" alt=\"\" class=\"wp-image-56\" srcset=\"https:\/\/irgendwasmitfarben.de\/wp-content\/uploads\/2023\/10\/IMG_0082-768x1024.jpg 768w, https:\/\/irgendwasmitfarben.de\/wp-content\/uploads\/2023\/10\/IMG_0082-225x300.jpg 225w, https:\/\/irgendwasmitfarben.de\/wp-content\/uploads\/2023\/10\/IMG_0082-1152x1536.jpg 1152w, https:\/\/irgendwasmitfarben.de\/wp-content\/uploads\/2023\/10\/IMG_0082-1536x2048.jpg 1536w, https:\/\/irgendwasmitfarben.de\/wp-content\/uploads\/2023\/10\/IMG_0082-scaled.jpg 1920w\" sizes=\"(max-width: 768px) 100vw, 768px\" \/><\/figure>\n\n\n\n<figure class=\"wp-block-image size-large\"><img decoding=\"async\" width=\"1024\" height=\"768\" data-id=\"199\" src=\"https:\/\/irgendwasmitfarben.de\/wp-content\/uploads\/2023\/10\/131AEC94-A029-4501-B9B6-8F6BC0AB2E14_1_201_a-1024x768.jpeg\" alt=\"\" class=\"wp-image-199\" srcset=\"https:\/\/irgendwasmitfarben.de\/wp-content\/uploads\/2023\/10\/131AEC94-A029-4501-B9B6-8F6BC0AB2E14_1_201_a-1024x768.jpeg 1024w, https:\/\/irgendwasmitfarben.de\/wp-content\/uploads\/2023\/10\/131AEC94-A029-4501-B9B6-8F6BC0AB2E14_1_201_a-300x225.jpeg 300w, https:\/\/irgendwasmitfarben.de\/wp-content\/uploads\/2023\/10\/131AEC94-A029-4501-B9B6-8F6BC0AB2E14_1_201_a-768x576.jpeg 768w, https:\/\/irgendwasmitfarben.de\/wp-content\/uploads\/2023\/10\/131AEC94-A029-4501-B9B6-8F6BC0AB2E14_1_201_a-1536x1152.jpeg 1536w, https:\/\/irgendwasmitfarben.de\/wp-content\/uploads\/2023\/10\/131AEC94-A029-4501-B9B6-8F6BC0AB2E14_1_201_a-2048x1536.jpeg 2048w, https:\/\/irgendwasmitfarben.de\/wp-content\/uploads\/2023\/10\/131AEC94-A029-4501-B9B6-8F6BC0AB2E14_1_201_a-570x428.jpeg 570w\" sizes=\"(max-width: 1024px) 100vw, 1024px\" \/><\/figure>\n\n\n\n<figure class=\"wp-block-image size-large\"><img decoding=\"async\" width=\"1024\" height=\"768\" data-id=\"200\" src=\"https:\/\/irgendwasmitfarben.de\/wp-content\/uploads\/2023\/10\/F8F55DB6-AF72-498B-A734-83AE0D6D72C6_1_201_a-1024x768.jpeg\" alt=\"\" class=\"wp-image-200\" srcset=\"https:\/\/irgendwasmitfarben.de\/wp-content\/uploads\/2023\/10\/F8F55DB6-AF72-498B-A734-83AE0D6D72C6_1_201_a-1024x768.jpeg 1024w, https:\/\/irgendwasmitfarben.de\/wp-content\/uploads\/2023\/10\/F8F55DB6-AF72-498B-A734-83AE0D6D72C6_1_201_a-300x225.jpeg 300w, https:\/\/irgendwasmitfarben.de\/wp-content\/uploads\/2023\/10\/F8F55DB6-AF72-498B-A734-83AE0D6D72C6_1_201_a-768x576.jpeg 768w, https:\/\/irgendwasmitfarben.de\/wp-content\/uploads\/2023\/10\/F8F55DB6-AF72-498B-A734-83AE0D6D72C6_1_201_a-1536x1152.jpeg 1536w, https:\/\/irgendwasmitfarben.de\/wp-content\/uploads\/2023\/10\/F8F55DB6-AF72-498B-A734-83AE0D6D72C6_1_201_a-2048x1536.jpeg 2048w, https:\/\/irgendwasmitfarben.de\/wp-content\/uploads\/2023\/10\/F8F55DB6-AF72-498B-A734-83AE0D6D72C6_1_201_a-570x428.jpeg 570w\" sizes=\"(max-width: 1024px) 100vw, 1024px\" \/><\/figure>\n<\/figure>\n","protected":false},"excerpt":{"rendered":"<p>Farbspiel und Fotokomposition Ein Bilder sagt mehr als tausend Worte. Bilder leben von der Komposition und von den Farben. Diese k\u00f6nnen verschiedene Emotionen ausl\u00f6sen. Es gibt auch Bilder die einfach durch Ihre Komposition und Farbgebung z.B. beruhigend wirken k\u00f6nnen.<\/p>\n","protected":false},"author":1,"featured_media":0,"parent":0,"menu_order":0,"comment_status":"closed","ping_status":"closed","template":"","meta":{"footnotes":""},"yoast_head":"<!-- This site is optimized with the Yoast SEO plugin v21.3 - https:\/\/yoast.com\/wordpress\/plugins\/seo\/ -->\n<title>Fotografie - Irgendwas mit Farben -<\/title>\n<meta name=\"robots\" content=\"index, follow, max-snippet:-1, max-image-preview:large, max-video-preview:-1\" \/>\n<link rel=\"canonical\" href=\"http:\/\/irgendwasmitfarben.de\/?page_id=25\" \/>\n<meta property=\"og:locale\" content=\"de_DE\" \/>\n<meta property=\"og:type\" content=\"article\" \/>\n<meta property=\"og:title\" content=\"Fotografie - Irgendwas mit Farben -\" \/>\n<meta property=\"og:description\" content=\"Farbspiel und Fotokomposition Ein Bilder sagt mehr als tausend Worte. Bilder leben von der Komposition und von den Farben. Diese k\u00f6nnen verschiedene Emotionen ausl\u00f6sen. Es gibt auch Bilder die einfach durch Ihre Komposition und Farbgebung z.B. beruhigend wirken k\u00f6nnen.\" \/>\n<meta property=\"og:url\" content=\"http:\/\/irgendwasmitfarben.de\/?page_id=25\" \/>\n<meta property=\"og:site_name\" content=\"Irgendwas mit Farben -\" \/>\n<meta property=\"article:modified_time\" content=\"2023-10-15T13:01:33+00:00\" \/>\n<meta property=\"og:image\" content=\"https:\/\/irgendwasmitfarben.de\/wp-content\/uploads\/2023\/10\/IMG_0082-768x1024.jpg\" \/>\n<meta name=\"twitter:card\" content=\"summary_large_image\" \/>\n<meta name=\"twitter:label1\" content=\"Gesch\u00e4tzte Lesezeit\" \/>\n\t<meta name=\"twitter:data1\" content=\"1\u00a0Minute\" \/>\n<script type=\"application\/ld+json\" class=\"yoast-schema-graph\">{\"@context\":\"https:\/\/schema.org\",\"@graph\":[{\"@type\":\"WebPage\",\"@id\":\"http:\/\/irgendwasmitfarben.de\/?page_id=25\",\"url\":\"http:\/\/irgendwasmitfarben.de\/?page_id=25\",\"name\":\"Fotografie - Irgendwas mit Farben -\",\"isPartOf\":{\"@id\":\"https:\/\/irgendwasmitfarben.de\/#website\"},\"datePublished\":\"2023-10-14T18:10:51+00:00\",\"dateModified\":\"2023-10-15T13:01:33+00:00\",\"breadcrumb\":{\"@id\":\"http:\/\/irgendwasmitfarben.de\/?page_id=25#breadcrumb\"},\"inLanguage\":\"de\",\"potentialAction\":[{\"@type\":\"ReadAction\",\"target\":[\"http:\/\/irgendwasmitfarben.de\/?page_id=25\"]}]},{\"@type\":\"BreadcrumbList\",\"@id\":\"http:\/\/irgendwasmitfarben.de\/?page_id=25#breadcrumb\",\"itemListElement\":[{\"@type\":\"ListItem\",\"position\":1,\"name\":\"Startseite\",\"item\":\"https:\/\/irgendwasmitfarben.de\/\"},{\"@type\":\"ListItem\",\"position\":2,\"name\":\"Fotografie\"}]},{\"@type\":\"WebSite\",\"@id\":\"https:\/\/irgendwasmitfarben.de\/#website\",\"url\":\"https:\/\/irgendwasmitfarben.de\/\",\"name\":\"Irgendwas mit Farben -\",\"description\":\"von Patrizia Hernacki\",\"publisher\":{\"@id\":\"https:\/\/irgendwasmitfarben.de\/#organization\"},\"potentialAction\":[{\"@type\":\"SearchAction\",\"target\":{\"@type\":\"EntryPoint\",\"urlTemplate\":\"https:\/\/irgendwasmitfarben.de\/?s={search_term_string}\"},\"query-input\":\"required name=search_term_string\"}],\"inLanguage\":\"de\"},{\"@type\":\"Organization\",\"@id\":\"https:\/\/irgendwasmitfarben.de\/#organization\",\"name\":\"Irgendwas mit Farben -\",\"url\":\"https:\/\/irgendwasmitfarben.de\/\",\"logo\":{\"@type\":\"ImageObject\",\"inLanguage\":\"de\",\"@id\":\"https:\/\/irgendwasmitfarben.de\/#\/schema\/logo\/image\/\",\"url\":\"https:\/\/irgendwasmitfarben.de\/wp-content\/uploads\/2019\/03\/cropped-irgendwasmitfarben-logo-1.jpg\",\"contentUrl\":\"https:\/\/irgendwasmitfarben.de\/wp-content\/uploads\/2019\/03\/cropped-irgendwasmitfarben-logo-1.jpg\",\"width\":467,\"height\":88,\"caption\":\"Irgendwas mit Farben - \"},\"image\":{\"@id\":\"https:\/\/irgendwasmitfarben.de\/#\/schema\/logo\/image\/\"}}]}<\/script>\n<!-- \/ Yoast SEO plugin. -->","yoast_head_json":{"title":"Fotografie - Irgendwas mit Farben -","robots":{"index":"index","follow":"follow","max-snippet":"max-snippet:-1","max-image-preview":"max-image-preview:large","max-video-preview":"max-video-preview:-1"},"canonical":"http:\/\/irgendwasmitfarben.de\/?page_id=25","og_locale":"de_DE","og_type":"article","og_title":"Fotografie - Irgendwas mit Farben -","og_description":"Farbspiel und Fotokomposition Ein Bilder sagt mehr als tausend Worte. Bilder leben von der Komposition und von den Farben. Diese k\u00f6nnen verschiedene Emotionen ausl\u00f6sen. Es gibt auch Bilder die einfach durch Ihre Komposition und Farbgebung z.B. beruhigend wirken k\u00f6nnen.","og_url":"http:\/\/irgendwasmitfarben.de\/?page_id=25","og_site_name":"Irgendwas mit Farben -","article_modified_time":"2023-10-15T13:01:33+00:00","og_image":[{"url":"https:\/\/irgendwasmitfarben.de\/wp-content\/uploads\/2023\/10\/IMG_0082-768x1024.jpg"}],"twitter_card":"summary_large_image","twitter_misc":{"Gesch\u00e4tzte Lesezeit":"1\u00a0Minute"},"schema":{"@context":"https:\/\/schema.org","@graph":[{"@type":"WebPage","@id":"http:\/\/irgendwasmitfarben.de\/?page_id=25","url":"http:\/\/irgendwasmitfarben.de\/?page_id=25","name":"Fotografie - Irgendwas mit Farben -","isPartOf":{"@id":"https:\/\/irgendwasmitfarben.de\/#website"},"datePublished":"2023-10-14T18:10:51+00:00","dateModified":"2023-10-15T13:01:33+00:00","breadcrumb":{"@id":"http:\/\/irgendwasmitfarben.de\/?page_id=25#breadcrumb"},"inLanguage":"de","potentialAction":[{"@type":"ReadAction","target":["http:\/\/irgendwasmitfarben.de\/?page_id=25"]}]},{"@type":"BreadcrumbList","@id":"http:\/\/irgendwasmitfarben.de\/?page_id=25#breadcrumb","itemListElement":[{"@type":"ListItem","position":1,"name":"Startseite","item":"https:\/\/irgendwasmitfarben.de\/"},{"@type":"ListItem","position":2,"name":"Fotografie"}]},{"@type":"WebSite","@id":"https:\/\/irgendwasmitfarben.de\/#website","url":"https:\/\/irgendwasmitfarben.de\/","name":"Irgendwas mit Farben -","description":"von Patrizia Hernacki","publisher":{"@id":"https:\/\/irgendwasmitfarben.de\/#organization"},"potentialAction":[{"@type":"SearchAction","target":{"@type":"EntryPoint","urlTemplate":"https:\/\/irgendwasmitfarben.de\/?s={search_term_string}"},"query-input":"required name=search_term_string"}],"inLanguage":"de"},{"@type":"Organization","@id":"https:\/\/irgendwasmitfarben.de\/#organization","name":"Irgendwas mit Farben -","url":"https:\/\/irgendwasmitfarben.de\/","logo":{"@type":"ImageObject","inLanguage":"de","@id":"https:\/\/irgendwasmitfarben.de\/#\/schema\/logo\/image\/","url":"https:\/\/irgendwasmitfarben.de\/wp-content\/uploads\/2019\/03\/cropped-irgendwasmitfarben-logo-1.jpg","contentUrl":"https:\/\/irgendwasmitfarben.de\/wp-content\/uploads\/2019\/03\/cropped-irgendwasmitfarben-logo-1.jpg","width":467,"height":88,"caption":"Irgendwas mit Farben - "},"image":{"@id":"https:\/\/irgendwasmitfarben.de\/#\/schema\/logo\/image\/"}}]}},"_links":{"self":[{"href":"https:\/\/irgendwasmitfarben.de\/index.php?rest_route=\/wp\/v2\/pages\/25"}],"collection":[{"href":"https:\/\/irgendwasmitfarben.de\/index.php?rest_route=\/wp\/v2\/pages"}],"about":[{"href":"https:\/\/irgendwasmitfarben.de\/index.php?rest_route=\/wp\/v2\/types\/page"}],"author":[{"embeddable":true,"href":"https:\/\/irgendwasmitfarben.de\/index.php?rest_route=\/wp\/v2\/users\/1"}],"replies":[{"embeddable":true,"href":"https:\/\/irgendwasmitfarben.de\/index.php?rest_route=%2Fwp%2Fv2%2Fcomments&post=25"}],"version-history":[{"count":5,"href":"https:\/\/irgendwasmitfarben.de\/index.php?rest_route=\/wp\/v2\/pages\/25\/revisions"}],"predecessor-version":[{"id":202,"href":"https:\/\/irgendwasmitfarben.de\/index.php?rest_route=\/wp\/v2\/pages\/25\/revisions\/202"}],"wp:attachment":[{"href":"https:\/\/irgendwasmitfarben.de\/index.php?rest_route=%2Fwp%2Fv2%2Fmedia&parent=25"}],"curies":[{"name":"wp","href":"https:\/\/api.w.org\/{rel}","templated":true}]}}